 - 51. Calculate q(54).
3
Let c(a) = -a**3 - 11*a**2 + 4*a - 53. Calculate c(-12).
43
Let i(m) = -m**3 + 13*m**2 - 7*m + 16. What is i(13)?
-75
Let g(t) = 2*t**3 + 28*t**2 - 3*t - 8. Calculate g(-14).
34
Let n(a) = a**2 + 7*a + 11. Determine n(-5).
1
Let v(n) = -n**2 + 16*n + 13. What is v(13)?
52
Let a(r) = -11*r + 16. Give a(4).
-28
Let i(r) = -11*r**2 + 7*r + 8. Give i(-1).
-10
Let u(y) = 2*y**2 - 30*y - 5. Determine u(15).
-5
Let b(g) = -g**2 - 5*g + 12. Determine b(-5).
12
Let y(p) = -p**3 + 10*p**2 + 11*p - 8. Determine y(11).
-8
Let t(u) = -u**2 - 4*u + 6. Give t(-4).
6
Let d(a) = a**3 - 9*a**2 - 29*a + 22. What is d(11)?
-55
Let a(b) = 16*b + 439. What is a(-29)?
-25
Let y(n) = 7*n**2 - 33*n + 3. Give y(4).
-17
Let s(n) = n**3 - 4*n**2 - 6*n + 7. What is s(4)?
-17
Let g(r) = -7*r + 127. Calculate g(18).
1
Let l(y) = 15*y - 113. Determine l(7).
-8
Let f(i) = 9*i**2 + i - 1. Calculate f(1).
9
Let k(n) = 2*n**2 - 6*n + 1. Determine k(4).
9
Let q(n) = 26*n - 14. Determine q(2).
38
Let a(c) = 15*c - 137. Determine a(9).
-2
Let q(u) = -2*u**2 - 61*u + 4. Give q(-31).
-27
Let s(o) = -3*o**2 - 22*o - 19. Determine s(-6).
5
Let h(p) = 19*p + 668. Determine h(-35).
3
Let c(g) = g**2 + 67*g + 311. What is c(-5)?
1
Let g(t) = -3*t**3 + 3*t - 5. Give g(-2).
13
Let n(h) = h**2 + 15*h + 25. Give n(-12).
-11
Let t(j) = -41*j**2 + 3*j + 2. Give t(1).
-36
Let m(j) = 4*j + 2. Calculate m(-4).
-14
Let f(k) = k**2 - 9*k + 4. Calculate f(10).
14
Let y(z) = 9*z + 15. Calculate y(-7).
-48
Let s(m) = m**3 - 8*m**2 - 3*m + 1. Determine s(8).
-23
Let u(j) = j**3 + 24*j**2 + 23*j + 15. Calculate u(-23).
15
Let j(v) = -v**2 + 8. What is j(5)?
-17
Let t(v) = -7*v - 135. Give t(-20).
5
Let l(b) = -b**2 + 9*b + 2. Give l(7).
16
Let r(l) = -l - 16. Calculate r(-10).
-6
Let j(m) = m**3 - 19*m**2 - 23*m + 62. Determine j(20).
2
Let b(p) = p**2 + 21*p - 91. Give b(-25).
9
Let y(d) = -d**3 - 3*d**2 + 17*d - 10. What is y(-6)?
-4
Let f(d) = d**2 + 3*d - 7. Give f(-5).
3
Let p(w) = -w**3 + 7*w**2 - 6*w + 9. Calculate p(6).
9
Let n(b) = -b**2 + 3*b + 6. What is n(3)?
6
Let r(n) = n**3 - 18*n**2 + 19*n - 35. Give r(17).
-1
Let x(s) = s**2 + 7*s + 2. What is x(4)?
46
Let q(x) = x**2 + 11*x - 13. What is q(-9)?
-31
Let g(m) = m + 6. Calculate g(4).
10
Let o(r) = -r**3 - 6*r**2 - r + 17. What is o(-5)?
-3
Let k(b) = b**2 - 21*b - 39. Determine k(24).
33
Let u(j) = -134*j + 798. What is u(6)?
-6
Let x(l) = 2*l**2 - 5*l - 6. Give x(10).
144
Let s(z) = z**3 - 7*z**2 - z - 5. What is s(6)?
-47
Let u(b) = -12*b - 139. Determine u(-11).
-7
Let s(z) = z**2 + 20*z - 12. Determine s(-20).
-12
Let p(a) = a**2 + 28*a + 18. What is p(-27)?
-9
Let q(y) = y**3 - 34*y**2 + 64*y - 37. Calculate q(32).
-37
Let z(n) = 10*n - 22. Determine z(9).
68
Let y(j) = 22*j**2. Calculate y(1).
22
Let h(f) = -f**3 + 23*f**2 + 104*f + 105. Calculate h(27).
-3
Let d(z) = 4*z**2 + 4*z + 3. What is d(-2)?
11
Let w(t) = -t - 18. What is w(-15)?
-3
Let u(g) = g**2 - 136*g + 1015. Determine u(8).
-9
Let z(h) = h + 3. What is z(-11)?
-8
Let x(t) = 7*t - 36. What is x(8)?
20
Let d(i) = -i**2 + 8*i + 2. Give d(6).
14
Let c(d) = -3*d + 22. Calculate c(6).
4
Let i(s) = s**2 + 35*s - 173. Give i(-39).
-17
Let d(j) = j**2 - 7*j + 3. Determine d(7).
3
Let b(q) = -q**2 - 8*q - 7. Determine b(-9).
-16
Let m(a) = a**3 - 9*a**2 + 13*a - 26. Calculate m(8).
14
Let d(k) = k**2 + 14*k - 33. Give d(-16).
-1
Let m(j) = 2*j**2 - 16*j - 4. Give m(8).
-4
Let n(j) = j**2 + 73*j - 146. Determine n(2).
4
Let k(n) = -n**3 - n**2 + 2*n. What is k(-2)?
0
Let l(i) = -i**3 + 4*i**2 - 4*i - 3. Give l(-4).
141
Let b(u) = u + 3. Determine b(3).
6
Let m(k) = -6*k + 7. Give m(-3).
25
Let l(t) = t**3 + 6*t**2 - t - 2. Calculate l(-6).
4
Let w(q) = 2*q**2 - q - 6. What is w(5)?
39
Let d(m) = 2*m**2 - 8*m - 2. Give d(0).
-2
Let x(m) = -10*m**3 + 2*m**2 + 2*m. Give x(-1).
10
Let d(q) = 2*q**3 - 27*q**2 + 12*q + 10. Give d(13).
-3
Let p(c) = -4*c + 29. Determine p(16).
-35
Let m(v) = -v + 18. Give m(13).
5
Let i(m) = -m**2 - 5*m - 4. Calculate i(-7).
-18
Let c(h) = -10*h - 5. Give c(-3).
25
Let v(w) = w**3 - 14*w**2 + 14*w - 8. Calculate v(13).
5
Let p(y) = 25*y + 655. What is p(-26)?
5
Let z(v) = 2*v**3 - v**2 - 6*v + 7. Give z(2).
7
Let c(l) = -l**2 - 50*l + 6. Calculate c(-50).
6
Let m(r) = -22*r - 12. What is m(-2)?
32
Let b(y) = -y**3 + 17*y**2 - 53*y - 19. Calculate b(12).
65
Let t(c) = c**3 - 55*c**2 - 55*c - 54. Determine t(56).
2
Let p(y) = -y**2 + 2*y - 4. What is p(2)?
-4
Let v(b) = -3*b**2 + 7*b - 16. Calculate v(2).
-14
Let r(w) = -w + 6. Give r(11).
-5
Let r(q) = -2*q**3 + 5*q**2 + 3*q - 4. What is r(4)?
-40
Let p(v) = 5*v + 17. Give p(-5).
-8
Let j(w) = 7*w + 63. Calculate j(-13).
-28
Let f(a) = -a - 6. Calculate f(-6).
0
Let m(a) = -a**2 - 7. What is m(7)?
-56
Let s(z) = 3*z - 16. Calculate s(6).
2
Let g(o) = 4*o + 8. Determine g(-9).
-28
Let p(g) = g**3 + 27*g**2 + 20*g - 99. Determine p(-26).
57
Let r(s) = -29*s - 87. What is r(-3)?
0
Let v(d) = -8*d**3 + 4*d**2 + 3*d. Determine v(-1).
9
Let r(l) = 3*l + 7. Give r(-4).
-5
Let o(k) = -k**3 - 9*k**2 + 4*k + 8. Determine o(-9).
-28
Let c(g) = -8*g**2. Determine c(-3).
-72
Let h(d) = 3*d - 13. What is h(4)?
-1
Let x(h) = -2*h**2 - 6*h + 34. Calculate x(-6).
-2
Let j(y) = 36*y - 101. What is j(3)?
7
Let o(b) = 78*b**2 - b - 2. Calculate o(-1).
77
Let c(l) = -5*l**2 + 11*l - 12. What is c(4)?
-48
Let r(g) = g**2 - 52*g - 231. Calculate r(-4).
-7
Let s(p) = -2*p**3 - 2*p**2 + 4*p. Determine s(-3).
24
Let b(r) = -22*r - 14. Give b(-6).
118
Let s(g) = -g**2 + 2*g - 2. Calculate s(2).
-2
Let p(f) = -f**2 + 10*f - 13. What is p(7)?
8
Let r(o) = 14*o - 2. Give r(-1).
-16
Let b(d) = 22*d**2. Calculate b(1).
22
Let w(k) = 6*k - 5. Give w(2).
7
Let t(j) = -j - 10. Calculate t(-4).
-6
Let f(r) = r**3 + 13*r**2 - 13*r + 14. Give f(-14).
0
Let m(v) = -4*v - 39. Calculate m(17).
-107
Let b(k) = -k - 4. Determine b(5).
-9
Let f(d) = 16*d - 252. What is f(16)?
4
Let n(j) = -j + 19. Calculate n(11).
8
Let x(l) = -27*l + 51. Determine x(4).
-57
Let l(u) = -9*u + 357. What is l(37)?
24
Let k(d) = -d**3 - 9*d**2 + 4*d + 11. What is k(-9)?
-25
Let j(g) = 11*g**2 + 3*g - 1. Give j(1).
13
Let n(c) = 2*c + 20. Calculate n(-6).
8
Let q(r) = r**3 - 18*r**2 + 41*r + 2. Calculate q(3).
-10
Let p(y) = 2*y**2 + 22*y + 35. What is p(-8)?
-13
Let t(b) = -b + 4. Calculate t(-8).
12
Let v(y) = y**3 + 22*y**2 - 24*y + 43. Calculate v(-23).
66
Let u(x) = 5*x - 7. Give u(-5).
-32
Let d(r) = r**2 + 16*r - 37. Determine d(-18).
-1
Let r(q) = q**3 + 16*q**2 - 24*q - 3. Calculate r(-17).
116
Let l(v) = v**2 + 7*v - 18. What is l(-8)?
-10
Let b(z) = 8*z - 144. Determine b(17).
-8
Let t(y) = y - 12. Give t(4).
-8
Let j(c) = c**3 + 9*c**2 + 23*c + 23. What is j(-6)?
-7
Let x(z) = z**3 - 3*z**2 + 3*z - 7. Calculate x(4).
21
Let l(p) = 3*p**2 + 32*p + 11. What is l(-10)?
-9
Let v(j) = j**2 - 17*j + 13. Calculate v(15).
-17
Let f(z) = -z**2 - 3. Calculate f(-4).
-19
Let x(r) = r**2 + 11*r + 20. What is x(-10)?
10
Let g(a) = -2*a + 8. What is g(8)?
-8
Let z(r) = 22*r - 35. What is z(3)?
31
Let k(n) = 11*n**2 - n + 2. What is k(1)?
12
Let k(o) = o**3 + o**2 - 14*o - 2. Determine k(-4).
6
Let d(f) = -4*f - 13. Give d(-2).
-5
Let x(s) = -6*s - 9. What is x(-1)?
-3
Let c(r) = -9*r + 129. Determine c(0).
129
Let z(y) = 44*y - 10. Calculate z(-3).
-142
Let b(h) = h**2 - 28*h - 65. Give b(31).
28
Let u(i) = i. Give u(-24).
-24
Let c(x) = -10*x**2 + x + 6. Determine c(4).
-150
Let q(j) = -4*j**2 + 3*j. What is q(-3)?
-45
Let m(h) = 2*h**2 + h - 7. What is m(-4)?
21
Let a(t) = -2*t**3 - 4*t**2 - 2*t - 1. Give a(-3).
23
Let p(c) = -c**2 - 25*c - 37. Determine p(-22).
29
Let w(g) = 8*g + 6. Determine w(-2).
-10
Let g(x) = -4*x**2 - 2*x + 5. Calculate g(-3).
-25
Let c(d) = -d + 9. What is c(5)?
4
Let h(x) = x**3 - 4*x**2 - 20*x + 12. Give h(6).
-36
Let g(h) = -h**3 + 2*h**2 + h + 1. Determine g(3).
-5
Let s(b) = -2*b**2 + 23*b + 28. What is s(12)?
16
Let k(g) = -2*g**2 - 46*g + 19. Calculate k(-22).
63
Let o(z) = 16*z + 243. What is o(-15)?
3
Let p(m) = -m**2 + 10*m - 1. Calculate p(11).
-12
Let g(c) = -4*c - 6. What is g(9)?
-42
Let f(u) = u + 25. Give f(-36).
-11
Let m(j) = -j**3 - j**2 - 7*j + 13. What is m(2)?
-13
Let d(l) = -l**2 - 5*l + 